st the prime factors of q.
251
Suppose 9*n - 19849 = -14*n. List the prime factors of n.
863
Let v(k) = k**2 - 6*k - 13. Let g be v(7). Let x(o) be the third derivative of -o**5/60 - 3*o**4/8 - 5*o**3/6 - o**2. What are the prime factors of x(g)?
13
Suppose 0 = 696*p - 689*p - 8183. List the prime factors of p.
7, 167
Let y = 633 - 594. What are the prime factors of y?
3, 13
Let o be (-12)/(1 - -3)*-2. Suppose 27 = -o*w + 3. What are the prime factors of (-20)/(-6)*(-30)/w?
5
Let c be 3 + (2 + 2 - 4). Suppose -34 = c*y - 130. Suppose -y = -4*j - d - 12, -5*d - 5 = -j. List the prime factors of j.
5
List the prime factors of ((-312924)/(-1246))/(-1*3/(-14)).
2, 293
Let w = 4825 + -3406. List the prime factors of w.
3, 11, 43
List the prime factors of 2790/24*80/30.
2, 5, 31
Let d(f) = 5*f + 9. Let w be d(5). Let h = -47 - -26. Let z = h + w. List the prime factors of z.
13
Let w = -1502 - -2568. What are the prime factors of w?
2, 13, 41
Let z = 676 + 42. What are the prime factors of z?
2, 359
Let b(h) = h + 6. Let l be b(-6). Let x = -261 - -263. Suppose x = p - l. List the prime factors of p.
2
Suppose 3*h = -x + 31, 6*x - 5*h - 90 = 2*x. Let a = 44 - 26. Let z = x + a. What are the prime factors of z?
43
Let x be -3 + (3 + -3 - -162). Let t = x - 95. What are the prime factors of t?
2
Suppose -12 = -9*m + 3*m. Let r(x) = 25*x - 7. List the prime factors of r(m).
43
Let c = 31 + -22. Suppose 0 = -5*y + c + 11. Suppose y*i = 44 + 40. List the prime factors of i.
3, 7
What are the prime factors of (-9)/(-27)*(-2 - -2) + 206?
2, 103
Let t be (-70)/735 - (-6)/63. Let x = 1 - -1. What are the prime factors of t + x + 2 + 4?
2
Let t(d) = 2*d**3 + d**2 - 1. Let c(o) be the third derivative of -o**4/8 - 2*o**3/3 - 7*o**2. Let z be c(-2). What are the prime factors of t(z)?
19
Suppose 0 = f + 4*m - 510, 4*f + 4*m + 752 = 2744. List the prime factors of f.
2, 13, 19
Let y(d) = d**3 - 14*d**2 - 15*d + 5. Let b be y(15). Suppose b*g = 1261 + 19. Let l = -182 + g. List the prime factors of l.
2, 37
Let a(l) = -l**3 + 2*l**2 - 2*l + 1. Let o be a(1). Suppose 26 = -o*g + 2*g. Suppose -2*u + u + 40 = 4*h, u = 5*h + g. What are the prime factors of u?
2, 7
Let q = -3087 - -5460. What are the prime factors of q?
3, 7, 113
Suppose 25*g - 9888 = 21*g - 4*a, 2457 = g - 4*a. What are the prime factors of g?
3, 823
Let v(j) = -12*j**3 - 16*j**2 + j - 20. List the prime factors of v(-6).
2, 5, 199
Let v be (-26)/8 - 3/(-12). Let k(c) = -2*c - 1. Let g be k(v). Suppose 3*l - g = -m, -3*l - 17 = -6*m + 5*m. List the prime factors of m.
11
Let u(v) = -2*v**3 + 41*v**2 - 24*v + 46. What are the prime factors of u(19)?
673
Let o(g) = -9*g**2 + 16*g**2 - 25*g**3 + 4 + 5*g - 5*g**2. What are the prime factors of o(-2)?
2, 101
Let g(a) = -a**3 + a + 12. Let u be 84/(-70)*20/6. Let i = u + 4. What are the prime factors of g(i)?
2, 3
Suppose -9*n = -8*n - 2. Suppose -y - n*y = 6. What are the prime factors of 2814/63*(-3)/y?
67
List the prime factors of 170 - -1 - (-2 + (1 - 2)).
2, 3, 29
Suppose y = -4*s + 25, 5*y = s - 5*s + 29. Suppose -4 + 1 = -5*l + r, 4*l - s = 2*r. Suppose l = -z + 2. List the prime factors of z.
2
Let t(a) = -11*a. Let d = -1 - 7. What are the prime factors of t(d)?
2, 11
Let j = 53 - 26. Suppose -6*m + 87 = -j. Suppose 3*g - 61 = x, 3*x - 7 = -2*g + m. List the prime factors of g.
19
Suppose 0 = 5*m + 200 - 80. Let t be (3/(-4))/(3/m). Suppose 0 = -3*b - t, -3*p + 5*p + 2*b = 14. List the prime factors of p.
3
Suppose 3*k - 5*k + 4 = 0. Suppose d - 3*d - 3*x + 165 = 0, -2*x + 160 = k*d. What are the prime factors of d?
3, 5
Let p(g) be the first derivative of -g**4/4 - 2*g**3 + 7*g**2/2 - 2*g - 3. Let c be p(-7). Let l(z) = -3*z - 1. List the prime factors of l(c).
5
Let t(f) = -f**3 + 17*f**2 - 14*f - 36. List the prime factors of t(13).
2, 229
Let k = -97 - -161. Suppose k = 2*x + 2*x. Let j = x + -5. List the prime factors of j.
11
Suppose 2*v = s + v + 277, 2*s + 3*v + 529 = 0. Let d be 12/8*s/(-12). Suppose -x + 0*k = -k - d, 34 = x + 4*k. List the prime factors of x.
2, 17
Let n = -1500 - -2128. List the prime factors of n.
2, 157
Let s = 24 - 22. Suppose s*a = -2*a + 268. Let r = a + -37. What are the prime factors of r?
2, 3, 5
Suppose -251*s - 5796 = -257*s. What are the prime factors of s?
2, 3, 7, 23
Let i = 1300 + -312. List the prime factors of i.
2, 13, 19
Suppose 5*l = -8 - 17, l - 19 = z. Let a be ((-50)/3)/(4/z). Suppose 0 = -r - 3*r + a. What are the prime factors of r?
5
Suppose 11*m = 4*m + 196. Let w be (4/3)/(1/(-12)). List the prime factors of (-4)/(-3)*(w + m).
2
Suppose -8 = -k + 3*o - 8*o, -16 = -2*k - 5*o. Suppose -5*r + k*f + 20 = 3*f, -2*r = 5*f + 20. What are the prime factors of 20 + 6 + -3 + r?
23
Suppose -5*d + 4 = -101. Suppose y - 20 = 11*y. Let z = d - y. List the prime factors of z.
23
Let b = -14 + 17. Suppose 7 = b*w - 2. What are the prime factors of (-40 - w - -2)/(-1)?
41
Let r be (-1 + -5)/(-1 + -1). Suppose 0 = r*n - 7*n + 100. Suppose s = n + 9. What are the prime factors of s?
2, 17
Let u be (0 - 1)/((-2)/52). Let o = u + -46. Let q = -11 - o. List the prime factors of q.
3
Suppose -3*t + 2*c - c + 61 = 0, c - 59 = -3*t. Let p = -13 - -8. Let m = t + p. List the prime factors of m.
3, 5
Let r = -22 + 28. Let v(o) = -o + 7. Let s be v(r). Let d(q) = 22*q**2 - 3*q + 2. List the prime factors of d(s).
3, 7
Let d(n) = -n - 3. Let b be d(-2). Let p be (1 - 0)/(b/(-2)). Suppose -q + 39 = p*q. List the prime factors of q.
13
Let y(d) = 12*d**2 + 18*d + 11. What are the prime factors of y(-7)?
11, 43
Let b be -3 - (1 + -2 + -1). Let n be ((18/(-3))/3)/b. Suppose -n*i + 2*u + 52 = -2*u, 3*u = 4*i - 114. What are the prime factors of i?
2, 3, 5
Suppose 4809 + 22591 = 10*z. List the prime factors of z.
2, 5, 137
Let y be ((-3)/5)/(5/25). Let h = 7 - y. Let k = 2 + h. List the prime factors of k.
2, 3
Let j(a) = a**2 + 13*a - 14. Let o be j(-14). Let w = o + 3. Suppose 0*f = -f + 5*g + 26, 2*g + 91 = w*f. What are the prime factors of f?
31
Let f be 2/(-2) - 1 - -4. Suppose -2*k = -f*r - 0 - 8, -3*r + 24 = 3*k. Suppose -2*s + 22 = -k. List the prime factors of s.
2, 7
Let v(r) = -r**2 - 8*r + 3. Let q be v(-9). Let l = 4 + q. Let t(b) = 9*b**2 + 3*b. What are the prime factors of t(l)?
2, 3, 5
Let b(y) = y**3 + 8*y**2 + 4*y + 1. Let l be b(-3). Let f = 43 - l. What are the prime factors of 10/(-45) + 470/f?
2, 13
Suppose 0 = 3*q - 689 - 439. Suppose -3*c + 0*c + 196 = 2*g, 2*c + q = 4*g. What are the prime factors of g?
5, 19
Let y = -5722 - -10045. What are the prime factors of y?
3, 11, 131
Let b(x) = 199*x - 53. What are the prime factors of b(9)?
2, 11, 79
Suppose -12 = 3*j - 3*h - 0*h, 2*h = -2*j - 8. What are the prime factors of (-3144)/(-16) - -5 - (-6)/j?
2, 5
Let w(d) = d + 4. Let t be w(0). Suppose 130 = 2*i + 4*c, -3*i + c - t*c + 195 = 0. What are the prime factors of i?
5, 13
Let a(u) be the first derivative of -u**4/2 + 4*u**3 + u**2/2 + 2*u - 9. List the prime factors of a(5).
3, 19
Let n(f) = 6*f**2 + 2*f - 9. Let q be n(-6). Let s = -115 + q. List the prime factors of s.
2, 5
Suppose -12*d - 7*d = -38608. List the prime factors of d.
2, 127
Let w(t) = t - 8. Suppose 0*n - 4*n + 25 = l, 0 = -3*n + 4*l - 5. Let s be w(n). What are the prime factors of (-268)/(-20) + s/(-5)?
2, 7
Suppose 2*b = -5*y + 6508, -y + 4*b + 6484 = 4*y. What are the prime factors of y?
2, 5, 13
Let l(j) = -18*j**2 - 4*j + 6. Let u be l(3). List the prime factors of -2 - (-5)/((-15)/u).
2, 3
Suppose -4*u + 984 = 2*h, 3*u + 2400 = 5*h + u. What are the prime factors of h?
2, 241
Let q be 426/21 + (-12)/42. Let t(z) = 6*z - 26. What are the prime factors of t(q)?
2, 47
Let q(h) = h**3 + 18*h**2 - 20*h - 16. Let f be q(-19). Suppose 4*c + 1 = -d + 18, -f*d + 19 = 4*c. What are the prime factors of (-20)/(-5) - c - -25?
5
Suppose 0 = -3*q + 11 + 4. Let v = q + 0. Suppose 0*m + v*b + 17 = 4*m, 0 = -5*m + 4*b + 28. What are the prime factors of m?
2
Suppose -a = 19*w - 18*w - 229, -2*w + 3*a + 463 = 0. What are the prime factors of w?
2, 5, 23
Let t be ((-1)/5)/(12/(-1740)). Let w = -19 + t. List the prime factors of w.
2, 5
Let n be 38/(3 + 76/(-28)). Suppose -s = -n + 80. List the prime factors of s.
53
Suppose -c = -1, -2*v 